24*f. Give l(-18).
2
Suppose -140 = 121*d - 135*d. Let u(t) be the second derivative of -1/2*t**2 - 4/3*t**3 + 0 - d*t. Calculate u(-2).
15
Let c be ((-48)/(-28))/(3/21). Suppose -2*h - 2*t + 2 + c = 0, -t - 1 = -h. Let g(j) = j**3 - 5*j**2 + 3*j + 5. Determine g(h).
1
Let c(o) be the third derivative of 1/24*o**4 + 0 + 0*o - 4*o**2 - 5/6*o**3. Let m be c(6). Let x(g) = -g - 1. Calculate x(m).
-2
Let d(j) = -j**2 - 4*j + 5. Suppose -b = 5*b - 108. Let u be 49/3 + (-3)/9. Let y be (b/(-12))/(6/u). Give d(y).
5
Let v(w) = -2*w**2 - 11*w - 18. Let s(p) = p**2 + 5*p + 9. Let k(r) = -7*s(r) - 4*v(r). Let n be (126/(-70))/((-1)/((-10)/3)). Determine k(n).
-9
Let h(m) = 8*m - 7. Let p(a) = 15*a - 15. Let x(o) = -13*h(o) + 6*p(o). Determine x(-1).
15
Let k(v) = -v**2 - 4*v. Suppose 2*f + 55 = 4*d + 3*f, 5*f - 15 = 0. Let p(g) = -6*g - 112. Let s be p(-16). Let h = s + d. Determine k(h).
3
Let f(z) = -4*z**2. Let p(j) = 15*j**2 - 2*j + 1. Let h be p(1). Let d = h - 16. Let u = 1 + d. Calculate f(u).
-4
Let r(t) = 2*t**2 - 36*t**3 - 4 - 27*t**3 + 64*t**3 - 4*t. Give r(-3).
-1
Let f(r) be the third derivative of -7*r**4/24 + 5*r**3/6 - 36*r**2. What is f(5)?
-30
Let v(d) = d**3 + 4*d**2 - 5*d + 2. Suppose -6*c - 221 = -191. Calculate v(c).
2
Let j(l) = -5*l - 3. Let r(w) = -w. Let d(b) = -j(b) + 3*r(b). Let h(i) = -5*i - 19. Let v be h(-3). What is d(v)?
-5
Let j(x) = -x**2 + 11*x - 19. Suppose -2*u + 7*u - 39 = -4*w, 3 = u. What is j(w)?
11
Let t(o) = o**2 + 7*o + 6. Let c(j) be the first derivative of -j**2 + 14*j - 18. Suppose 1 = 3*u - 29. Let p be c(u). What is t(p)?
0
Let h(z) = -7*z**3 + 2*z - 1. Let n(w) = w**3. Let a(p) = -h(p) - 6*n(p). Let m be 1 + (4 - (-4 + (11 - 0))). Determine a(m).
-3
Let p be (6/(-9))/((-2)/(-33)). Let w(f) = 297*f + f**2 - 101*f - 15 - 101*f - 85*f. Calculate w(p).
-4
Let q(s) = -s**2 - 2. Let r(x) = x**3 - 3*x**2 - 7*x - 10. Let i(n) = 6*q(n) - r(n). Give i(-5).
13
Let z(v) = -3*v**3 - 6*v**2 - 3*v - 2. Let b be z(-2). Suppose -3*a = 5*q - 4, -b*q - 7 - 3 = -2*a. Let l(p) = p**2 - p - 1. Calculate l(q).
1
Let x(t) = 3*t**3 - 5*t**2 + 3*t - 1. Let m(a) = 11*a**3 - 15*a**2 + 8*a - 2. Let b(o) = -2*m(o) + 7*x(o). Determine b(-6).
3
Let s(k) = -k**2 - k - 1. Let i(y) = -5*y**2 + y - 4. Let h(g) = i(g) - 4*s(g). Suppose 5*d - 25 = -10*u + 5*u, -2*u + 5*d = -3. Calculate h(u).
4
Let t(q) = -q - 6. Let l be t(-7). Let c(s) be the third derivative of -1/8*s**4 + s**2 + 0*s + 0*s**3 + 0. Calculate c(l).
-3
Let d(w) be the third derivative of -1/8*w**4 + 0*w + 5/6*w**3 + 0 - 1/60*w**5 - 5*w**2. Determine d(-6).
-13
Let o(v) = 1 - 22 - 5*v + 6 + 4 + 3. Give o(-11).
47
Let l(x) = -6*x**2 + 1. Let u = -229 + 231. Calculate l(u).
-23
Let k be 4 + -4 + -2 + (-8)/(-1). Let l = -7 - -9. Let a(q) = 8 - 2*q - 4*q - l*q + q + q**2. What is a(k)?
2
Let m(c) = 33 + c**2 + 33 + 28 - c - 95. Let h(f) = -6*f**2 + 5*f + 6. Let o(g) = -h(g) - 5*m(g). Give o(0).
-1
Let p(y) = y**3 + 3*y**2 - 2*y + 5. Let d = -5 - -9. Let h = d - 2. Suppose h*q + 13 = 5. Give p(q).
-3
Let r(p) = p**2 - 12*p - 14. Let y be r(13). Let h be (-2 - -3)*1 - y. Let x(l) = -h - 3 + l - 2 + 0. Calculate x(-6).
-13
Let t(x) = -x**2 + 3*x + 4. Suppose 2*b + b = -3*w - 18, -4*w + b = 9. Let v be (w - -5)/(-1 - 0). Let f = v + 8. What is t(f)?
-14
Let w be (-6)/(-2) + (0/1)/(-2). Let p(f) = -3*f - 3 - f**3 - w*f**2 + 7*f + 0. Calculate p(-4).
-3
Let b(u) = -u. Suppose -8*h - 14*h - 22 = 0. Calculate b(h).
1
Let b(s) = 7233*s - 4 - 7234*s - 1. Let z(y) = -9. Let k(r) = r - 8. Let h(j) = 2*k(j) - 3*z(j). Let p(c) = -7*b(c) - 3*h(c). Determine p(-3).
-1
Suppose 25 = 4*b + 1. Let a(g) = -1. Let p(j) = -j - 7. Let l(u) = b*a(u) - p(u). Give l(6).
7
Let c(k) = k**2 - k - 5. Let o = -158 - -161. What is c(o)?
1
Let i(m) be the first derivative of -m**2/2 + 10*m + 3. Let u be i(13). Let r(g) = -g**3 - 2*g**2 - 2*g - 4. Give r(u).
11
Let i(y) be the second derivative of 7*y**3/2 + 5*y**2/2 - 46*y. Let h(n) = 44*n + 11. Let x(w) = -5*h(w) + 11*i(w). Determine x(2).
22
Let i(q) = q**2 - 19*q - 1. Let b(r) = 9*r + 1. Let v = -110 + 105. Let l(g) = v*b(g) - 2*i(g). Give l(-5).
-18
Let q(b) be the second derivative of -b**6/120 - 7*b**5/60 - b**4/12 - 5*b**3/6 - b**2/2 + 27*b. Let n(i) be the first derivative of q(i). Determine n(-7).
9
Let s(d) be the first derivative of 2*d**3/3 - 17*d**2/2 + 2*d - 14. Let v be s(8). Let j(w) = -w**3 - 5*w**2 + 9*w + 6. Determine j(v).
-12
Let x be 28*(2 - (-36)/(-21)). Suppose -2*i - x = 4*j, 10 = 4*i + i. Let v(y) = -y - 2. Determine v(j).
1
Let u(x) = -2*x**2 - 27*x - 8. Let j be u(-13). Let f(o) = -o**3 + 7*o**2 - o - 6. Calculate f(j).
39
Let k(o) = -o**3 - 8*o**2 - 7*o - 1. Suppose -2*r - 2 = 0, 4*z = -3*r - 33 + 2. Determine k(z).
-1
Let k(f) = -2*f - 11. Let u be k(-8). Let x = -5 + u. Let w(b) = b**2 + b + 6. What is w(x)?
6
Let m(z) = 2*z**2 - 8*z + 2. Let w be 12/(-8)*(-1)/(1/2). Calculate m(w).
-4
Let s = -125 + 178. Let f = 59 - s. Let i(j) = -j**3 - 2*j - 3 - 4*j + j + 7*j**2. Calculate i(f).
3
Let z(y) = -8*y - 5. Let t(l) = -9*l - 6. Let k(s) = 3*t(s) - 4*z(s). Let r(b) = -79*b + 27. Let c be r(2). Let w = c + 133. Determine k(w).
12
Let w be 6/(-14) - 21/(-49). Suppose w*u - 18 = -3*u. Let a(r) be the first derivative of -r**3/3 + 5*r**2/2 + 3. Give a(u).
-6
Let r be ((-24)/3)/2 + 5. Let v(b) = -4*b + 3. Let d(m) = m. Let g(j) = r*v(j) + 5*d(j). Suppose 2*t - 5*c = 7*t - 45, -c + 25 = 5*t. Give g(t).
7
Let g = 21 - 19. Let n(z) = g + 2*z + 9*z + 4*z - 6*z. What is n(-2)?
-16
Suppose 6*j = 5*j + 7. Let z = j - 7. Let s(q) = -5*q**3 - 5*q**2 - 6. Let c(t) = t**3 + t**2 - 1. Let p(v) = 4*c(v) + s(v). Give p(z).
-10
Let d be (-16)/(-6) - (-4)/(-6). Suppose y - d = -1. Let i(r) = 13*r - 6. Let a(t) = 38*t - 17. Let q(w) = -6*a(w) + 17*i(w). Calculate q(y).
-7
Suppose -1 = m - 3*l, -l + 16 - 19 = -m. Let k(n) be the second derivative of n**4/12 - n**3/2 - 5*n**2/2 + n. Determine k(m).
5
Let r be (-1 - (-5)/(720/147))*2. Let j(t) be the third derivative of -7*t**2 - r*t**4 + 1/3*t**3 + 0*t - 1/20*t**5 + 0. Give j(-2).
-8
Let s(c) be the first derivative of -c**3/3 - 15*c - 1. Let t(l) be the first derivative of s(l). Give t(1).
-2
Let g(y) = y**2 - 7*y + 8. Suppose 2*w - 4*w + m = -12, -4*m - 20 = -4*w. Give g(w).
8
Let u(k) = -5 - 2*k**3 + 2*k**2 - 7*k**3 + 4 + 8*k**3. Let q(b) = -b**2 - 8*b + 18. Let i be q(2). Calculate u(i).
15
Let w(j) = 5*j + 7435 - 7480 + 0*j. Let h(f) = 3*f + 5 + 4 - 4*f. Let t(p) = 11*h(p) + 2*w(p). Determine t(6).
3
Let z = 21 + -20. Let y(q) = 3 - 6*q + 7*q + z - 1. Calculate y(-4).
-1
Let t(h) = h**2 - 3*h + 6. Let p(q) = q**2 - q + 1. Let k(o) = 2*p(o) - t(o). Suppose -13*z + 66 = 1. Suppose -z*v + 3*v = v. Calculate k(v).
-4
Suppose 73*a - 264 = 117*a. Let c(d) = d**3 + 4*d**2 - 14*d - 13. Determine c(a).
-1
Let q be -1 - 3 - (9 + -9 + 3). Let w(r) = -r**3 - 8*r**2 - 11*r - 8. What is w(q)?
20
Suppose 0 = -16*v + 93 + 3. Let u(r) = r + 11. Let s be u(-9). Let h(k) = -2*k**3 + k**3 + s + 7*k + 0*k**3 + 3 + 5*k**2. What is h(v)?
11
Let y(b) = -11*b**3 - 22*b**2 + 20*b + 7. Let m(g) = -5*g**3 - 10*g**2 + 9*g + 3. Let w(f) = 9*m(f) - 4*y(f). Give w(-3).
5
Let g(b) = 2*b**2 + 2*b. Let d be g(-2). Suppose 4*i + 12 = 5*v - 2*v, -i + v = d. Let n(u) be the second derivative of -u**3/6 - 11*u**2/2 - 2*u. What is n(i)?
-11
Suppose -92 = 4*v + 28. Let q = 33 + v. Let y(k) = -k**2 + 3*k + 1. Let n(g) = -5*g**2 + 16*g + 5. Let p(h) = -2*n(h) + 11*y(h). What is p(q)?
-5
Let q(p) = 5*p - 2*p - 4*p. Suppose 0*c = x + 2*c, x - 2*c + 4 = 0. What is q(x)?
2
Let i(p) be the second derivative of -p**6/120 + 2*p**5/15 - 7*p**4/24 + 3*p**3/2 - 2*p**2 - p. Let s(k) be the first derivative of i(k). Calculate s(7).
9
Let t(d) = d**2 + 9*d + 12. Let r be t(-8). Suppose 3*w = -r*w + 14. Let a(g) = 3 - 45*g**2 + 44*g**w + 6*g - 6. Calculate a(4).
5
Let y(p) = p**3 - 6*p**2 - 8*p - 3. Suppose -3*i = i - 28. Suppose -i + 21 = 2*r. Give y(r).
-10
Let i(j) = 2*j + 24. Let b(q) = 2*q + 15. Let w be b(-13). Let p be i(w). Let n(d) = 0 - p*d + 0*d - 1 - 1. Calculate n(-3).
4
Let a(h) = -8*h + 21. Let d(i) = -5*i + 12. Let l(v) = -3*a(v) + 5*d(v). Calculate l(-3).
0
Suppose -3*x - 4*w + 27 = 0, -2*w - 9 = -3*x - 0*x. Let r(a) = -a - 2. What is r(